{"id":42,"date":"2024-01-21T20:30:09","date_gmt":"2024-01-21T19:30:09","guid":{"rendered":"https:\/\/marvidalnails.com\/?page_id=42"},"modified":"2024-01-21T21:40:19","modified_gmt":"2024-01-21T20:40:19","slug":"mar-vidal-2","status":"publish","type":"page","link":"https:\/\/marvidalnails.com\/index.php\/mar-vidal-2\/","title":{"rendered":"MAR VIDAL"},"content":{"rendered":"\n<p>Fundadora de la Marca MalaMujer, abre su primer salon en mayo de 2022 en el coraz\u00f3n de Reus, aportando otros valores a su negocio, buscando la perfecci\u00f3n y unos dise\u00f1os mas atrevidos, desde el principio quiso diferenciarse de los salones de su ciudad, de la mezcla de todo esto naci\u00f3 el proyecto MALAMUJER.<\/p>\n\n\n\n<figure class=\"wp-block-image size-large\"><img fetchpriority=\"high\" decoding=\"async\" width=\"1024\" height=\"613\" src=\"http:\/\/marvidalnails.com\/wp-content\/uploads\/2024\/01\/cropped-Negro_Horizontal-1024x613.png\" alt=\"\" class=\"wp-image-35\" srcset=\"https:\/\/marvidalnails.com\/wp-content\/uploads\/2024\/01\/cropped-Negro_Horizontal-1024x613.png 1024w, https:\/\/marvidalnails.com\/wp-content\/uploads\/2024\/01\/cropped-Negro_Horizontal-300x180.png 300w, https:\/\/marvidalnails.com\/wp-content\/uploads\/2024\/01\/cropped-Negro_Horizontal-768x460.png 768w, https:\/\/marvidalnails.com\/wp-content\/uploads\/2024\/01\/cropped-Negro_Horizontal-1536x920.png 1536w, https:\/\/marvidalnails.com\/wp-content\/uploads\/2024\/01\/cropped-Negro_Horizontal.png 2000w\" sizes=\"(max-width: 706px) 89vw, (max-width: 767px) 82vw, 740px\" \/><\/figure>\n\n\n\n<figure class=\"wp-block-image size-full is-resized is-style-rounded\"><img decoding=\"async\" width=\"1920\" height=\"2560\" src=\"https:\/\/marvidalnails.com\/wp-content\/uploads\/2024\/01\/IMG_6049-4-scaled.jpg\" alt=\"\" class=\"wp-image-58\" style=\"width:291px;height:auto\" srcset=\"https:\/\/marvidalnails.com\/wp-content\/uploads\/2024\/01\/IMG_6049-4-scaled.jpg 1920w, https:\/\/marvidalnails.com\/wp-content\/uploads\/2024\/01\/IMG_6049-4-225x300.jpg 225w, https:\/\/marvidalnails.com\/wp-content\/uploads\/2024\/01\/IMG_6049-4-768x1024.jpg 768w, https:\/\/marvidalnails.com\/wp-content\/uploads\/2024\/01\/IMG_6049-4-1152x1536.jpg 1152w, https:\/\/marvidalnails.com\/wp-content\/uploads\/2024\/01\/IMG_6049-4-1536x2048.jpg 1536w\" sizes=\"(max-width: 706px) 89vw, (max-width: 767px) 82vw, 740px\" \/><\/figure>\n","protected":false},"excerpt":{"rendered":"<p>Fundadora de la Marca MalaMujer, abre su primer salon en mayo de 2022 en el coraz\u00f3n de Reus, aportando otros valores a su negocio, buscando la perfecci\u00f3n y unos dise\u00f1os mas atrevidos, desde el principio quiso diferenciarse de los salones de su ciudad, de la mezcla de todo esto naci\u00f3 el proyecto MALAMUJER.<\/p>\n","protected":false},"author":1,"featured_media":0,"parent":0,"menu_order":0,"comment_status":"closed","ping_status":"closed","template":"","meta":{"footnotes":""},"_links":{"self":[{"href":"https:\/\/marvidalnails.com\/index.php\/wp-json\/wp\/v2\/pages\/42"}],"collection":[{"href":"https:\/\/marvidalnails.com\/index.php\/wp-json\/wp\/v2\/pages"}],"about":[{"href":"https:\/\/marvidalnails.com\/index.php\/wp-json\/wp\/v2\/types\/page"}],"author":[{"embeddable":true,"href":"https:\/\/marvidalnails.com\/index.php\/wp-json\/wp\/v2\/users\/1"}],"replies":[{"embeddable":true,"href":"https:\/\/marvidalnails.com\/index.php\/wp-json\/wp\/v2\/comments?post=42"}],"version-history":[{"count":3,"href":"https:\/\/marvidalnails.com\/index.php\/wp-json\/wp\/v2\/pages\/42\/revisions"}],"predecessor-version":[{"id":66,"href":"https:\/\/marvidalnails.com\/index.php\/wp-json\/wp\/v2\/pages\/42\/revisions\/66"}],"wp:attachment":[{"href":"https:\/\/marvidalnails.com\/index.php\/wp-json\/wp\/v2\/media?parent=42"}],"curies":[{"name":"wp","href":"https:\/\/api.w.org\/{rel}","templated":true}]}}

<p>Fundadora de la Marca MalaMujer, abre su primer salon en mayo de 2022 en el corazón de Reus, aportando otros valores a su negocio, buscando la perfección y unos diseños mas atrevidos, desde el principio quiso diferenciarse de los salones de su ciudad, de la mezcla de todo esto nació el proyecto MALAMUJER.</p>



<figure class="wp-block-image size-large"><img fetchpriority="high" decoding="async" width="1024" height="613" src="http://marvidalnails.com/wp-content/uploads/2024/01/cropped-Negro_Horizontal-1024x613.png" alt="" class="wp-image-35" srcset="https://marvidalnails.com/wp-content/uploads/2024/01/cropped-Negro_Horizontal-1024x613.png 1024w, https://marvidalnails.com/wp-content/uploads/2024/01/cropped-Negro_Horizontal-300x180.png 300w, https://marvidalnails.com/wp-content/uploads/2024/01/cropped-Negro_Horizontal-768x460.png 768w, https://marvidalnails.com/wp-content/uploads/2024/01/cropped-Negro_Horizontal-1536x920.png 1536w, https://marvidalnails.com/wp-content/uploads/2024/01/cropped-Negro_Horizontal.png 2000w" sizes="(max-width: 706px) 89vw, (max-width: 767px) 82vw, 740px" /></figure>



<figure class="wp-block-image size-full is-resized is-style-rounded"><img decoding="async" width="1920" height="2560" src="https://marvidalnails.com/wp-content/uploads/2024/01/IMG_6049-4-scaled.jpg" alt="" class="wp-image-58" style="width:291px;height:auto" srcset="https://marvidalnails.com/wp-content/uploads/2024/01/IMG_6049-4-scaled.jpg 1920w, https://marvidalnails.com/wp-content/uploads/2024/01/IMG_6049-4-225x300.jpg 225w, https://marvidalnails.com/wp-content/uploads/2024/01/IMG_6049-4-768x1024.jpg 768w, https://marvidalnails.com/wp-content/uploads/2024/01/IMG_6049-4-1152x1536.jpg 1152w, https://marvidalnails.com/wp-content/uploads/2024/01/IMG_6049-4-1536x2048.jpg 1536w" sizes="(max-width: 706px) 89vw, (max-width: 767px) 82vw, 740px" /></figure>

<p>Fundadora de la Marca MalaMujer, abre su primer salon en mayo de 2022 en el corazón de Reus, aportando otros valores a su negocio, buscando la perfección y unos diseños mas atrevidos, desde el principio quiso diferenciarse de los salones de su ciudad, de la mezcla de todo esto nació el proyecto MALAMUJER.</p>
